{"id":36,"date":"2022-01-02T13:02:28","date_gmt":"2022-01-02T12:02:28","guid":{"rendered":"https:\/\/www.allmovements.ch\/?page_id=36"},"modified":"2022-08-05T00:40:45","modified_gmt":"2022-08-04T22:40:45","slug":"tanzen","status":"publish","type":"page","link":"https:\/\/www.allmovements.ch\/index.php\/tanzen\/","title":{"rendered":"Klassische Massage"},"content":{"rendered":"\n<p>Die Massage ist eines der \u00e4ltesten Heilmittel der Menschheit. <\/p>\n\n\n\n<figure class=\"wp-block-image size-large\"><img loading=\"lazy\" decoding=\"async\" width=\"1024\" height=\"683\" src=\"https:\/\/www.allmovements.ch\/wp-content\/uploads\/2022\/01\/woman-g21ff0cff5_1920-1-1024x683.jpg\" alt=\"\" class=\"wp-image-349\" srcset=\"https:\/\/www.allmovements.ch\/wp-content\/uploads\/2022\/01\/woman-g21ff0cff5_1920-1-1024x683.jpg 1024w, https:\/\/www.allmovements.ch\/wp-content\/uploads\/2022\/01\/woman-g21ff0cff5_1920-1-300x200.jpg 300w, https:\/\/www.allmovements.ch\/wp-content\/uploads\/2022\/01\/woman-g21ff0cff5_1920-1-768x512.jpg 768w, https:\/\/www.allmovements.ch\/wp-content\/uploads\/2022\/01\/woman-g21ff0cff5_1920-1-1536x1024.jpg 1536w, https:\/\/www.allmovements.ch\/wp-content\/uploads\/2022\/01\/woman-g21ff0cff5_1920-1.jpg 1920w\" sizes=\"auto, (max-width: 1024px) 100vw, 1024px\" \/><\/figure>\n\n\n\n<p>Sie hat ganz unterschiedliche Wirkungsweisen. Zur Differenzierung der Behandlung und dem Therapieziel arbeite ich mit klassischer Massage, Bindegewebsmassage oder Sportmassage. Zur ganzheitlichen Behandlung setze ich auf Wunsch gezielt Aroma\u00f6le ein.<\/p>\n\n\n\n<div style=\"height:7px\" aria-hidden=\"true\" class=\"wp-block-spacer\"><\/div>\n\n\n\n<p><strong>Die unterschiedlichen Wirkungsweisen:<\/strong><\/p>\n\n\n\n<p>Entspannung der Muskulatur<\/p>\n\n\n\n<p>Lokale Steigerung der Durchblutung<\/p>\n\n\n\n<p>Senkung von Blutdruck und Pulsfrequenz<\/p>\n\n\n\n<p>L\u00f6sen von Verklebungen in den Faszien und bei Narben<\/p>\n\n\n\n<p>Verbesserte Wundheilung<\/p>\n\n\n\n<p>Schmerzlinderung<\/p>\n\n\n\n<p>Psychische Entspannung, Reduktion von Stress<\/p>\n\n\n\n<p>Verbesserung des Zellstoffwechsels im Gewebe<\/p>\n\n\n\n<hr class=\"wp-block-separator has-css-opacity\"\/>\n\n\n\n<p><strong>Preise<\/strong><\/p>\n\n\n\n<figure class=\"wp-block-table is-style-stripes\"><table><thead><tr><th><\/th><th class=\"has-text-align-left\" data-align=\"left\">Dauer<\/th><th class=\"has-text-align-left\" data-align=\"left\">Preis (inkl. Mwst.)<\/th><\/tr><\/thead><tbody><tr><td>klassische Massage*<\/td><td class=\"has-text-align-left\" data-align=\"left\">1\/2 Stunde<\/td><td class=\"has-text-align-left\" data-align=\"left\">50.-<\/td><\/tr><tr><td><\/td><td class=\"has-text-align-left\" data-align=\"left\">1 Stunde<\/td><td class=\"has-text-align-left\" data-align=\"left\">80.-<\/td><\/tr><tr><td>Bindegewebsmassage<\/td><td class=\"has-text-align-left\" data-align=\"left\">1 Stunde<\/td><td class=\"has-text-align-left\" data-align=\"left\">90.-<\/td><\/tr><tr><td>Sportmassage<\/td><td class=\"has-text-align-left\" data-align=\"left\">1\/2 Stunde<\/td><td class=\"has-text-align-left\" data-align=\"left\">50.-<\/td><\/tr><tr><td><\/td><td class=\"has-text-align-left\" data-align=\"left\">1 Stunde<\/td><td class=\"has-text-align-left\" data-align=\"left\">80.-<\/td><\/tr><tr><td>*mit speziellen Aroma\u00f6len<\/td><td class=\"has-text-align-left\" data-align=\"left\"><\/td><td class=\"has-text-align-left\" data-align=\"left\">plus 10.-<\/td><\/tr><\/tbody><\/table><\/figure>\n\n\n\n<p>Beim Kauf von 5 Behandlungen im Abo erhalten Sie 50% Rabatt auf die 6. Behandlung. Tanzb\u00fcro Basel Mitgliedern wird gegen vorweisen eines g\u00fcltigen Ausweises 10% auf alle Preise gew\u00e4hrt.<\/p>\n\n\n\n<div style=\"height:7px\" aria-hidden=\"true\" class=\"wp-block-spacer\"><\/div>\n\n\n\n<p><strong>Einzeltermine<\/strong> sind bei der Behandlung bar zu bezahlen. Bis 24h vor der Behandlung ist ein Termin kostenlos stornierbar. Unbegr\u00fcndetes Fernbleiben wird mit 50% der Kosten in Rechnung gestellt.<\/p>\n\n\n\n<p>Das <strong>5er Abo<\/strong> ist 6 Monate g\u00fcltig und bar oder per Online\u00fcberweisung zu bezahlen. Schalterzahlungen werden mit 3.- Zusatzgeb\u00fcren verrechnet. Es werden keine Kosten r\u00fcckerstattet.<\/p>\n\n\n\n<figure class=\"wp-block-image alignwide size-large\"><img loading=\"lazy\" decoding=\"async\" width=\"1024\" height=\"537\" src=\"https:\/\/www.allmovements.ch\/wp-content\/uploads\/2022\/01\/pexels-pixabay-161477-4-1024x537.jpg\" alt=\"\" class=\"wp-image-351\" srcset=\"https:\/\/www.allmovements.ch\/wp-content\/uploads\/2022\/01\/pexels-pixabay-161477-4-1024x537.jpg 1024w, https:\/\/www.allmovements.ch\/wp-content\/uploads\/2022\/01\/pexels-pixabay-161477-4-300x157.jpg 300w, https:\/\/www.allmovements.ch\/wp-content\/uploads\/2022\/01\/pexels-pixabay-161477-4-768x403.jpg 768w, https:\/\/www.allmovements.ch\/wp-content\/uploads\/2022\/01\/pexels-pixabay-161477-4-1536x806.jpg 1536w, https:\/\/www.allmovements.ch\/wp-content\/uploads\/2022\/01\/pexels-pixabay-161477-4-2048x1075.jpg 2048w\" sizes=\"auto, (max-width: 1024px) 100vw, 1024px\" \/><\/figure>\n\n\n\n<hr class=\"wp-block-separator has-css-opacity\"\/>\n\n\n\n<p><strong>Terminanfrage<\/strong><\/p>\n\n\n<div class=\"wp-block-jetpack-contact-form is-layout-flex wp-container-jetpack-contact-form-is-layout-faa3ad1c wp-block-jetpack-contact-form-is-layout-flex\"><a href=\"https:\/\/www.allmovements.ch\/index.php\/tanzen\/\" target=\"_blank\" rel=\"noopener noreferrer\">Submit a form.<\/a><\/div>","protected":false},"excerpt":{"rendered":"<p>Die Massage ist eines der \u00e4ltesten Heilmittel der Menschheit. Sie hat ganz unterschiedliche Wirkungsweisen. Zur Differenzierung der Behandlung und dem Therapieziel arbeite ich mit klassischer Massage, Bindegewebsmassage oder Sportmassage. Zur ganzheitlichen Behandlung setze ich auf Wunsch gezielt Aroma\u00f6le ein. Die unterschiedlichen Wirkungsweisen: Entspannung der Muskulatur Lokale Steigerung der Durchblutung Senkung von Blutdruck und Pulsfrequenz L\u00f6sen [&hellip;]<\/p>\n","protected":false},"author":2,"featured_media":0,"parent":0,"menu_order":0,"comment_status":"closed","ping_status":"closed","template":"","meta":{"footnotes":""},"class_list":["post-36","page","type-page","status-publish","czr-hentry"],"jetpack_sharing_enabled":true,"_links":{"self":[{"href":"https:\/\/www.allmovements.ch\/index.php\/wp-json\/wp\/v2\/pages\/36","targetHints":{"allow":["GET"]}}],"collection":[{"href":"https:\/\/www.allmovements.ch\/index.php\/wp-json\/wp\/v2\/pages"}],"about":[{"href":"https:\/\/www.allmovements.ch\/index.php\/wp-json\/wp\/v2\/types\/page"}],"author":[{"embeddable":true,"href":"https:\/\/www.allmovements.ch\/index.php\/wp-json\/wp\/v2\/users\/2"}],"replies":[{"embeddable":true,"href":"https:\/\/www.allmovements.ch\/index.php\/wp-json\/wp\/v2\/comments?post=36"}],"version-history":[{"count":21,"href":"https:\/\/www.allmovements.ch\/index.php\/wp-json\/wp\/v2\/pages\/36\/revisions"}],"predecessor-version":[{"id":1235,"href":"https:\/\/www.allmovements.ch\/index.php\/wp-json\/wp\/v2\/pages\/36\/revisions\/1235"}],"wp:attachment":[{"href":"https:\/\/www.allmovements.ch\/index.php\/wp-json\/wp\/v2\/media?parent=36"}],"curies":[{"name":"wp","href":"https:\/\/api.w.org\/{rel}","templated":true}]}}